{"id":428,"date":"2021-11-29T15:26:06","date_gmt":"2021-11-29T14:26:06","guid":{"rendered":"https:\/\/oggau.insyde.at\/gemeinde\/?page_id=428"},"modified":"2025-10-23T15:02:40","modified_gmt":"2025-10-23T13:02:40","slug":"freizeit-detail","status":"publish","type":"page","link":"https:\/\/www.oggau.at\/gemeinde\/freizeit\/freizeit-detail\/","title":{"rendered":"Freizeit"},"content":{"rendered":"<p>[vc_row el_id=&#8220;schwimmbad&#8220;][vc_column offset=&#8220;vc_hidden-sm vc_hidden-xs&#8220;][vc_single_image image=&#8220;144&#8243; img_size=&#8220;full&#8220;][vc_column_text]<\/p>\n<h1>SCHWIMMBAD<\/h1>\n<p>Nat\u00fcrlich und ungezwungen liegt das Freischwimmbad inmitten der herrlichen Pusztalandschaft am Rand des romantischen Steppensees.<\/p>\n<ul>\n<li>Schwimmern steht ein 25 Meter langes Becken mit sechs Startbahnen zur Verf\u00fcgung<\/li>\n<li>Wagemutigen eine Wasserrutsche und Kindern ein Becken mit verschiedenen Wasserattraktionen<\/li>\n<li>Auf jene, die hoch hinaus wollen, wartet ein Sprungturm<\/li>\n<li>Alle Wasserbecken sind solarbeheizt<\/li>\n<li>F\u00fcr das leibliche Wohl wird im Buffet gesorgt<\/li>\n<li>Schattige Liegewiese und gro\u00dfz\u00fcgiger Spielplatz stehen zur Verf\u00fcgung<\/li>\n<li>Sportbegeisterte k\u00f6nnen sich am Beach-Volleyballplatz vergn\u00fcgen<\/li>\n<li><strong>Hinweis:<\/strong> freier Eintritt mit der Burgenland Card!<\/li>\n<\/ul>\n<p>&nbsp;<\/p>\n<p>\u00d6ffnungszeiten:<\/p>\n<p>Mitte Mai bis Anfang September<\/p>\n<ul>\n<li>Mai und September: Mo bis So 10-18 Uhr<\/li>\n<li>Juni, Juli und August: Mo 10-19 Uhr, Di bis So 9-19 Uhr<\/li>\n<\/ul>\n<p>&nbsp;<\/p>\n<div dir=\"auto\"><\/div>\n<p>[\/vc_column_text][vc_column_text]<\/p>\n<p style=\"text-align: right\"><a href=\"https:\/\/oggau.at\/gemeinde\/freizeit\/\">zur \u00dcbersicht <img loading=\"lazy\" decoding=\"async\" class=\"wp-image-85\" src=\"https:\/\/oggau.at\/gemeinde\/wp-content\/uploads\/sites\/3\/2021\/10\/up.png\" alt=\"zur \u00dcbersicht\" width=\"30\" height=\"30\" \/><\/a><\/p>\n<p>[\/vc_column_text][\/vc_column][\/vc_row][vc_row el_id=&#8220;schwimmbad&#8220;][vc_column offset=&#8220;vc_hidden-lg vc_hidden-md&#8220;][vc_single_image image=&#8220;284&#8243; img_size=&#8220;full&#8220;][vc_column_text]<\/p>\n<h1>SCHWIMMBAD<\/h1>\n<p>Nat\u00fcrlich und ungezwungen liegt das Freischwimmbad inmitten der herrlichen Pusztalandschaft am Rand des romantischen Steppensees.<\/p>\n<ul>\n<li>Schwimmern steht ein 25 Meter langes Becken mit sechs Startbahnen zur Verf\u00fcgung<\/li>\n<li>Wagemutigen eine Wasserrutsche und Kindern ein Becken mit verschiedenen Wasserattraktionen<\/li>\n<li>Auf jene, die hoch hinaus wollen, wartet ein Sprungturm<\/li>\n<li>Alle Wasserbecken sind solarbeheizt<\/li>\n<li>F\u00fcr das leibliche Wohl wird im Buffet gesorgt<\/li>\n<li>Schattige Liegewiese und gro\u00dfz\u00fcgiger Spielplatz stehen zur Verf\u00fcgung<\/li>\n<li>Sportbegeisterte k\u00f6nnen sich am Beach-Volleyballplatz vergn\u00fcgen<\/li>\n<\/ul>\n<p>\u00d6ffnungszeiten: Mitte\/Ende Mai &#8211; Anfang September<\/p>\n<p><strong>Hinweis:<\/strong> freier Eintritt mit der Burgenland Card![\/vc_column_text][vc_column_text]<\/p>\n<p style=\"text-align: right\"><a href=\"https:\/\/oggau.at\/gemeinde\/freizeit\/\">zur \u00dcbersicht <img loading=\"lazy\" decoding=\"async\" class=\"wp-image-85\" src=\"https:\/\/oggau.at\/gemeinde\/wp-content\/uploads\/sites\/3\/2021\/10\/up.png\" alt=\"zur \u00dcbersicht\" width=\"30\" height=\"30\" \/><\/a><\/p>\n<p>[\/vc_column_text][\/vc_column][\/vc_row][vc_row el_id=&#8220;fitness&#8220;][vc_column offset=&#8220;vc_hidden-sm vc_hidden-xs&#8220;][vc_single_image image=&#8220;145&#8243; img_size=&#8220;full&#8220;][vc_column_text]<\/p>\n<h1>FITNESSPARCOURS<\/h1>\n<p>Trainieren unter freiem Himmel \u2013 egal ob f\u00fcr das gesundheitliche Wohlbefinden oder einfach f\u00fcr die k\u00f6rperliche Fitness. In Oggau k\u00f6nnen Sie bei sechs aufeinander abgestimmten Stationen gezielt Kraft, Koordination und Geschicklichkeit trainieren.<\/p>\n<p>Unseren frei zug\u00e4nglichen Fitnessparcours finden Sie auf der Wiese gegen\u00fcber des Schwimmbads, Richtung Bootshafen. Er ist f\u00fcr jedes Alter geeignet und kann von Kindern und Jugendlichen ebenso wie von Senioren verwendet werden. Die jeweiligen Ger\u00e4te sind mit einer bildhaften Beschreibung ausgestattet, sodass Sie gleich loslegen k\u00f6nnen \u2013 denn Bewegung an der frischen Luft tut K\u00f6rper und Seele gut![\/vc_column_text][vc_column_text]<\/p>\n<p style=\"text-align: right\"><a href=\"https:\/\/oggau.at\/gemeinde\/freizeit\/\">zur \u00dcbersicht <img loading=\"lazy\" decoding=\"async\" class=\"wp-image-85\" src=\"https:\/\/oggau.at\/gemeinde\/wp-content\/uploads\/sites\/3\/2021\/10\/up.png\" alt=\"zur \u00dcbersicht\" width=\"30\" height=\"30\" \/><\/a><\/p>\n<p>[\/vc_column_text][\/vc_column][\/vc_row][vc_row el_id=&#8220;fitness&#8220;][vc_column offset=&#8220;vc_hidden-lg vc_hidden-md&#8220;][vc_single_image image=&#8220;285&#8243; img_size=&#8220;full&#8220;][vc_column_text]<\/p>\n<h1>FITNESSPARCOURS<\/h1>\n<p>Trainieren unter freiem Himmel \u2013 egal ob f\u00fcr das gesundheitliche Wohlbefinden oder einfach f\u00fcr die k\u00f6rperliche Fitness. In Oggau k\u00f6nnen Sie bei sechs aufeinander abgestimmten Stationen gezielt Kraft, Koordination und Geschicklichkeit trainieren.<\/p>\n<p>Unseren frei zug\u00e4nglichen Fitnessparcours finden Sie auf der Wiese gegen\u00fcber des Schwimmbads, Richtung Bootshafen. Er ist f\u00fcr jedes Alter geeignet und kann von Kindern und Jugendlichen ebenso wie von Senioren verwendet werden. Die jeweiligen Ger\u00e4te sind mit einer bildhaften Beschreibung ausgestattet, sodass Sie gleich loslegen k\u00f6nnen \u2013 denn Bewegung an der frischen Luft tut K\u00f6rper und Seele gut![\/vc_column_text][vc_column_text]<\/p>\n<p style=\"text-align: right\"><a href=\"https:\/\/oggau.at\/gemeinde\/freizeit\/\">zur \u00dcbersicht <img loading=\"lazy\" decoding=\"async\" class=\"wp-image-85\" src=\"https:\/\/oggau.at\/gemeinde\/wp-content\/uploads\/sites\/3\/2021\/10\/up.png\" alt=\"zur \u00dcbersicht\" width=\"30\" height=\"30\" \/><\/a><\/p>\n<p>[\/vc_column_text][\/vc_column][\/vc_row][vc_row el_id=&#8220;spielplatz&#8220;][vc_column offset=&#8220;vc_hidden-sm vc_hidden-xs&#8220;][vc_single_image image=&#8220;374&#8243; img_size=&#8220;full&#8220;][vc_column_text]<\/p>\n<h1>KINDERSPIELPL\u00c4TZE<\/h1>\n<p>Unser Spielplatz beim Sportplatz Oggau bietet alles, was das Kinderherz begehrt \u2013 Kletterm\u00f6glichkeiten, Schaukel, Rutsche, Wippe und einen gro\u00dfen Sandkasten. Der Spielplatz ist frei zug\u00e4nglich und erfreut sich gro\u00dfer Beliebtheit.<\/p>\n<p>Der schattige Kinderspielplatz beim Weinwanderweg Oggau wird besonders die Kleinsten begeistern. Ein Holzpferd mit Gespann, ein Holztraktor und die \u201eHiatah\u00fctte\u201c als Versteckm\u00f6glichkeit laden zum Entdecken und Erleben ein. F\u00fcr die neugierigen Besucher gibt es noch eine besondere Herausforderung: In der Tastbox gilt es, die versteckten Gegenst\u00e4nde zu erkennen, ohne sie anzusehen.[\/vc_column_text][vc_column_text]<\/p>\n<p style=\"text-align: right\"><a href=\"https:\/\/oggau.at\/gemeinde\/freizeit\/\">zur \u00dcbersicht <img loading=\"lazy\" decoding=\"async\" class=\"wp-image-85\" src=\"https:\/\/oggau.at\/gemeinde\/wp-content\/uploads\/sites\/3\/2021\/10\/up.png\" alt=\"zur \u00dcbersicht\" width=\"30\" height=\"30\" \/><\/a><\/p>\n<p>[\/vc_column_text][\/vc_column][\/vc_row][vc_row el_id=&#8220;spielplatz&#8220;][vc_column offset=&#8220;vc_hidden-lg vc_hidden-md&#8220;][vc_single_image image=&#8220;286&#8243; img_size=&#8220;full&#8220;][vc_column_text]<\/p>\n<h1>KINDERSPIELPL\u00c4TZE<\/h1>\n<p>Unser Spielplatz beim Sportplatz Oggau bietet alles, was das Kinderherz begehrt \u2013 Kletterm\u00f6glichkeiten, Schaukel, Rutsche, Wippe und einen gro\u00dfen Sandkasten. Der Spielplatz ist frei zug\u00e4nglich und erfreut sich gro\u00dfer Beliebtheit.<\/p>\n<p>Der schattige Kinderspielplatz beim Weinwanderweg Oggau wird besonders die Kleinsten begeistern. Ein Holzpferd mit Gespann, ein Holztraktor und die \u201eHiatah\u00fctte\u201c als Versteckm\u00f6glichkeit laden zum Entdecken und Erleben ein. F\u00fcr die neugierigen Besucher gibt es noch eine besondere Herausforderung: In der Tastbox gilt es, die versteckten Gegenst\u00e4nde zu erkennen, ohne sie anzusehen.[\/vc_column_text][vc_column_text]<\/p>\n<p style=\"text-align: right\"><a href=\"https:\/\/oggau.at\/gemeinde\/freizeit\/\">zur \u00dcbersicht <img loading=\"lazy\" decoding=\"async\" class=\"wp-image-85\" src=\"https:\/\/oggau.at\/gemeinde\/wp-content\/uploads\/sites\/3\/2021\/10\/up.png\" alt=\"zur \u00dcbersicht\" width=\"30\" height=\"30\" \/><\/a><\/p>\n<p>[\/vc_column_text][\/vc_column][\/vc_row]<\/p>\n","protected":false},"excerpt":{"rendered":"<p>[vc_row el_id=&#8220;schwimmbad&#8220;][vc_column offset=&#8220;vc_hidden-sm vc_hidden-xs&#8220;][vc_single_image image=&#8220;144&#8243; img_size=&#8220;full&#8220;][vc_column_text] SCHWIMMBAD Nat\u00fcrlich und ungezwungen liegt das Freischwimmbad inmitten der herrlichen Pusztalandschaft am Rand des romantischen Steppensees. Schwimmern steht ein 25 Meter langes Becken mit sechs Startbahnen zur Verf\u00fcgung Wagemutigen eine Wasserrutsche und Kindern ein Becken mit verschiedenen Wasserattraktionen Auf jene, die hoch hinaus wollen, wartet ein Sprungturm Alle Wasserbecken [&hellip;]<\/p>\n","protected":false},"author":1,"featured_media":140,"parent":139,"menu_order":0,"comment_status":"closed","ping_status":"closed","template":"","meta":{"ocean_post_layout":"","ocean_both_sidebars_style":"","ocean_both_sidebars_content_width":0,"ocean_both_sidebars_sidebars_width":0,"ocean_sidebar":"0","ocean_second_sidebar":"0","ocean_disable_margins":"enable","ocean_add_body_class":"","ocean_shortcode_before_top_bar":"","ocean_shortcode_after_top_bar":"","ocean_shortcode_before_header":"","ocean_shortcode_after_header":"","ocean_has_shortcode":"","ocean_shortcode_after_title":"","ocean_shortcode_before_footer_widgets":"","ocean_shortcode_after_footer_widgets":"","ocean_shortcode_before_footer_bottom":"","ocean_shortcode_after_footer_bottom":"","ocean_display_top_bar":"default","ocean_display_header":"default","ocean_header_style":"","ocean_center_header_left_menu":"0","ocean_custom_header_template":"0","ocean_custom_logo":0,"ocean_custom_retina_logo":0,"ocean_custom_logo_max_width":0,"ocean_custom_logo_tablet_max_width":0,"ocean_custom_logo_mobile_max_width":0,"ocean_custom_logo_max_height":0,"ocean_custom_logo_tablet_max_height":0,"ocean_custom_logo_mobile_max_height":0,"ocean_header_custom_menu":"0","ocean_menu_typo_font_family":"0","ocean_menu_typo_font_subset":"","ocean_menu_typo_font_size":0,"ocean_menu_typo_font_size_tablet":0,"ocean_menu_typo_font_size_mobile":0,"ocean_menu_typo_font_size_unit":"px","ocean_menu_typo_font_weight":"","ocean_menu_typo_font_weight_tablet":"","ocean_menu_typo_font_weight_mobile":"","ocean_menu_typo_transform":"","ocean_menu_typo_transform_tablet":"","ocean_menu_typo_transform_mobile":"","ocean_menu_typo_line_height":0,"ocean_menu_typo_line_height_tablet":0,"ocean_menu_typo_line_height_mobile":0,"ocean_menu_typo_line_height_unit":"","ocean_menu_typo_spacing":0,"ocean_menu_typo_spacing_tablet":0,"ocean_menu_typo_spacing_mobile":0,"ocean_menu_typo_spacing_unit":"","ocean_menu_link_color":"","ocean_menu_link_color_hover":"","ocean_menu_link_color_active":"","ocean_menu_link_background":"","ocean_menu_link_hover_background":"","ocean_menu_link_active_background":"","ocean_menu_social_links_bg":"","ocean_menu_social_hover_links_bg":"","ocean_menu_social_links_color":"","ocean_menu_social_hover_links_color":"","ocean_disable_title":"default","ocean_disable_heading":"default","ocean_post_title":"","ocean_post_subheading":"","ocean_post_title_style":"","ocean_post_title_background_color":"","ocean_post_title_background":0,"ocean_post_title_bg_image_position":"","ocean_post_title_bg_image_attachment":"","ocean_post_title_bg_image_repeat":"","ocean_post_title_bg_image_size":"","ocean_post_title_height":0,"ocean_post_title_bg_overlay":0.5,"ocean_post_title_bg_overlay_color":"","ocean_disable_breadcrumbs":"default","ocean_breadcrumbs_color":"","ocean_breadcrumbs_separator_color":"","ocean_breadcrumbs_links_color":"","ocean_breadcrumbs_links_hover_color":"","ocean_display_footer_widgets":"default","ocean_display_footer_bottom":"default","ocean_custom_footer_template":"0","footnotes":"","_links_to":"","_links_to_target":""},"_links":{"self":[{"href":"https:\/\/www.oggau.at\/gemeinde\/wp-json\/wp\/v2\/pages\/428"}],"collection":[{"href":"https:\/\/www.oggau.at\/gemeinde\/wp-json\/wp\/v2\/pages"}],"about":[{"href":"https:\/\/www.oggau.at\/gemeinde\/wp-json\/wp\/v2\/types\/page"}],"author":[{"embeddable":true,"href":"https:\/\/www.oggau.at\/gemeinde\/wp-json\/wp\/v2\/users\/1"}],"replies":[{"embeddable":true,"href":"https:\/\/www.oggau.at\/gemeinde\/wp-json\/wp\/v2\/comments?post=428"}],"version-history":[{"count":12,"href":"https:\/\/www.oggau.at\/gemeinde\/wp-json\/wp\/v2\/pages\/428\/revisions"}],"predecessor-version":[{"id":1312,"href":"https:\/\/www.oggau.at\/gemeinde\/wp-json\/wp\/v2\/pages\/428\/revisions\/1312"}],"up":[{"embeddable":true,"href":"https:\/\/www.oggau.at\/gemeinde\/wp-json\/wp\/v2\/pages\/139"}],"wp:featuredmedia":[{"embeddable":true,"href":"https:\/\/www.oggau.at\/gemeinde\/wp-json\/wp\/v2\/media\/140"}],"wp:attachment":[{"href":"https:\/\/www.oggau.at\/gemeinde\/wp-json\/wp\/v2\/media?parent=428"}],"curies":[{"name":"wp","href":"https:\/\/api.w.org\/{rel}","templated":true}]}}