{"id":83,"date":"2021-10-12T08:18:37","date_gmt":"2021-10-12T06:18:37","guid":{"rendered":"https:\/\/oggau.insyde.at\/gemeinde\/?page_id=83"},"modified":"2026-01-15T10:29:21","modified_gmt":"2026-01-15T09:29:21","slug":"gemeindeportrait-detail","status":"publish","type":"page","link":"https:\/\/www.oggau.at\/gemeinde\/gemeindeportrait\/gemeindeportrait-detail\/","title":{"rendered":"Gemeindeportrait"},"content":{"rendered":"<p>[vc_row el_id=&#8220;geschichte&#8220;][vc_column][vc_single_image image=&#8220;84&#8243; img_size=&#8220;full&#8220; el_class=&#8220;imgdesktop&#8220;][vc_single_image image=&#8220;293&#8243; img_size=&#8220;full&#8220; el_class=&#8220;imgmobile&#8220;][vc_column_text]<\/p>\n<h1>GESCHICHTE OGGAU<\/h1>\n<p>Oggau ist eine uralte Siedlung, deren Gr\u00e4berfunde \u2013 angefangen von der Jungsteinzeit \u00fcber die Bronze-, Hallstatt-, Kelten-, R\u00f6merzeit bis hin zur V\u00f6lkerwanderung \u2013 auf eine sehr fr\u00fche Anwesenheit von Menschen hinweisen.<br \/>\nDie Besiedlung dauerte auch w\u00e4hrend des fr\u00fchen Mittelalters und der ersten deutschen Kolonialisierung an. Eine ruhigere Entwicklung begann mit der Neuzeit ab dem Jahre 1500. Die T\u00fcrkenzeit (17 Jh.) hinterlie\u00df blutige Spuren. Die Reste einer alten Befestigungsmauer k\u00fcnden davon, dass sich die Ortsbev\u00f6lkerung gegen mannigfache \u00dcberf\u00e4lle sch\u00fctzen musste. Die Kuruzzeneinf\u00e4lle sowie der Erste und Zweite Weltkrieg verlangten von der Bev\u00f6lkerung abermals ihre Tribute.<br \/>\nNach dem Zweiten Weltkrieg begann eine rasante infrastrukturelle Entwicklung. 1994 feierte Oggau aufgrund der erstmaligen urkundlichen Erw\u00e4hnung 1344 sein 650-j\u00e4hriges Jubil\u00e4um. Aus diesem Anlass wurde Oggau zur Marktgemeinde erhoben und der Ortsname auf \u201eOggau am Neusiedler See\u201c erweitert.[\/vc_column_text][vc_column_text]<\/p>\n<p style=\"text-align: right\"><a href=\"https:\/\/oggau.at\/gemeinde\/gemeindeportrait\/\">zur \u00dcbersicht <img loading=\"lazy\" decoding=\"async\" class=\"wp-image-85\" src=\"https:\/\/oggau.at\/gemeinde\/wp-content\/uploads\/sites\/3\/2021\/10\/up.png\" alt=\"zur \u00dcbersicht\" width=\"30\" height=\"30\" \/><\/a><\/p>\n<p>[\/vc_column_text][\/vc_column][\/vc_row][vc_row el_id=&#8220;gemeindekeller&#8220;][vc_column][vc_single_image image=&#8220;86&#8243; img_size=&#8220;full&#8220; el_class=&#8220;imgdesktop&#8220;][vc_single_image image=&#8220;288&#8243; img_size=&#8220;full&#8220; el_class=&#8220;imgmobile&#8220;][vc_column_text]<\/p>\n<h1>GEMEINDEKELLER<\/h1>\n<p>Oggau ist eine der wenigen Gemeinden im Burgenland, die noch \u00fcber einen eigenen Gemeindeweinkeller verf\u00fcgen. Dieser beherbergt s\u00e4mtliche Kellereiger\u00e4tschaften und Utensilien, die zur Kelterung eines hervorragenden Weins ben\u00f6tigt werden.<br \/>\nDar\u00fcber hinaus k\u00f6nnen Weinkenner und -liebhaber im Oggauer Gemeindeweinkeller die Weine, welche die Gemeinde selbst produziert, verkosten.<br \/>\nDie Weine werden gerne bei offiziellen Anl\u00e4ssen pr\u00e4sentiert und ausgeschenkt. Sie erfreuen sich aber auch bei Besuchern von befreundeten Gemeinden gro\u00dfer Beliebtheit.<br \/>\nWer im Oggauer Gemeindeweinkeller zu einer privaten Feier oder zu einem Firmenfest einladen m\u00f6chte, kann die R\u00e4umlichkeiten zu diesem Zweck von der Gemeinde anmieten.[\/vc_column_text][vc_column_text]<\/p>\n<p style=\"text-align: right\"><a href=\"https:\/\/oggau.at\/gemeinde\/gemeindeportrait\/\">zur \u00dcbersicht <img loading=\"lazy\" decoding=\"async\" class=\"wp-image-85\" src=\"https:\/\/oggau.at\/gemeinde\/wp-content\/uploads\/sites\/3\/2021\/10\/up.png\" alt=\"zur \u00dcbersicht\" width=\"30\" height=\"30\" \/><\/a><\/p>\n<p>[\/vc_column_text][\/vc_column][\/vc_row][vc_row el_id=&#8220;gesundesdorf&#8220;][vc_column][vc_single_image image=&#8220;87&#8243; img_size=&#8220;full&#8220; el_class=&#8220;imgdesktop&#8220;][vc_single_image image=&#8220;289&#8243; img_size=&#8220;full&#8220; el_class=&#8220;imgmobile&#8220;][vc_column_text][\/vc_column_text][vc_column_text]<\/p>\n<p style=\"text-align: right\"><a href=\"https:\/\/oggau.at\/gemeinde\/gemeindeportrait\/\">zur \u00dcbersicht <img loading=\"lazy\" decoding=\"async\" class=\"wp-image-85\" src=\"https:\/\/oggau.at\/gemeinde\/wp-content\/uploads\/sites\/3\/2021\/10\/up.png\" alt=\"zur \u00dcbersicht\" width=\"30\" height=\"30\" \/><\/a><\/p>\n<p>[\/vc_column_text][\/vc_column][\/vc_row][vc_row el_id=&#8220;kinderspielplaetze&#8220;][vc_column][vc_single_image image=&#8220;374&#8243; img_size=&#8220;full&#8220; el_class=&#8220;imgdesktop&#8220;][vc_single_image image=&#8220;373&#8243; img_size=&#8220;full&#8220; el_class=&#8220;imgmobile&#8220;][vc_column_text]<\/p>\n<h1>KINDERSPIELPL\u00c4TZE<\/h1>\n<p>Unser Spielplatz beim Sportplatz Oggau bietet alles, was das Kinderherz begehrt \u2013 Kletterm\u00f6glichkeiten, Schaukel, Rutsche, Wippe und einen gro\u00dfen Sandkasten. Der Spielplatz ist frei zug\u00e4nglich und erfreut sich gro\u00dfer Beliebtheit bei Familien.<\/p>\n<p>Der schattige Kinderspielplatz beim Weinwanderweg Oggau begeistert besonders die Kleinsten. Ein Holzpferd mit Gespann, ein Holztraktor und die \u201eHiatah\u00fctte\u201c als Versteckm\u00f6glichkeit laden zum Entdecken und Erleben ein. F\u00fcr neugierige Besucher gibt es noch eine besondere Herausforderung: In der Tastbox gilt es, die versteckten Gegenst\u00e4nde zu erkennen, ohne sie anzusehen.[\/vc_column_text][vc_column_text]<\/p>\n<p style=\"text-align: right\"><a href=\"https:\/\/oggau.at\/gemeinde\/gemeindeportrait\/\">zur \u00dcbersicht <img loading=\"lazy\" decoding=\"async\" class=\"wp-image-85\" src=\"https:\/\/oggau.at\/gemeinde\/wp-content\/uploads\/sites\/3\/2021\/10\/up.png\" alt=\"zur \u00dcbersicht\" width=\"30\" height=\"30\" \/><\/a><\/p>\n<p>[\/vc_column_text][\/vc_column][\/vc_row][vc_row el_id=&#8220;heimatlied&#8220;][vc_column][vc_single_image image=&#8220;89&#8243; img_size=&#8220;full&#8220; el_class=&#8220;imgdesktop&#8220;][vc_single_image image=&#8220;290&#8243; img_size=&#8220;full&#8220; el_class=&#8220;imgmobile&#8220;][vc_column_text]<\/p>\n<h1>DAS OGGAUER HEIMATLIED<\/h1>\n<p>Sanfte H\u00fcgel, rebumwunden, s\u00e4umen dich, mein Oggau, ein. Und das Herz macht dort gesunden, eingefang\u2019ner Sonnenschein.<br \/>\nDenn dein Wein spr\u00fcht Feuergarben. Rot und gold vom Seenstrand: Rot und gold gl\u00fch\u2019n die Farben; Oggau, dir im Burgenland!<\/p>\n<p>Auf den Seen blickst du hernieder; Schilfgewoge, Wellenschlag. Raunen s\u00fc\u00dfe Schlummerlieder, Dich umkosend Tag f\u00fcr Tag.<br \/>\nDenn dein Wein spr\u00fcht Feuergarben. Rot und gold vom Seenstrand: Rot und gold gl\u00fch\u2019n die Farben; Oggau, dir im Burgenland!<\/p>\n<p>St\u00f6rche nisten auf den D\u00e4chern, bringen Gl\u00fcck in jedes Haus, Da\u00df in Kellern und Gem\u00e4chern, wird gezecht bei frohem Schmaus.<br \/>\nDenn dein Wein spr\u00fcht Feuergarben. Rot und gold vom Seenstrand: Rot und gold gl\u00fch\u2019n die Farben; Oggau, dir im Burgenland!<\/p>\n<p>\u00dcberall Musik und Lieder, Klang und Sang und Heiterkeit, Locken jeden: ,,Komm bald wieder! Hier vergeht dein Herzeleid.<br \/>\nDenn dein Wein spr\u00fcht Feuergarben. Rot und gold vom Seenstrand: Rot und gold gl\u00fch\u2019n die Farben; Oggau, dir im Burgenland!<\/p>\n<p>London und Paris bekr\u00e4nzen deinen edlen Rebensaft. Und weit \u00fcber alle Grenzen lobt man deiner Sorten Kraft.<br \/>\nDenn dein Wein spr\u00fcht Feuergarben. Rot und gold vom Seenstrand: Rot und gold gl\u00fch\u2019n die Farben; Oggau, dir im Burgenland!<\/p>\n<p>Oggau, du sollst ewig leben, bl\u00fchen, wachsen und gedeihn. Und der Welt vom Besten geben, was den Menschen kann erfreu\u2019n.<br \/>\nDenn dein Wein spr\u00fcht Feuergarben. Rot und gold vom Seenstrand: Rot und gold gl\u00fch\u2019n die Farben; Oggau, dir im Burgenland![\/vc_column_text][vc_column_text]<\/p>\n<p style=\"text-align: right\"><a href=\"https:\/\/oggau.at\/gemeinde\/gemeindeportrait\/\">zur \u00dcbersicht <img loading=\"lazy\" decoding=\"async\" class=\"wp-image-85\" src=\"https:\/\/oggau.at\/gemeinde\/wp-content\/uploads\/sites\/3\/2021\/10\/up.png\" alt=\"zur \u00dcbersicht\" width=\"30\" height=\"30\" \/><\/a><\/p>\n<p>[\/vc_column_text][\/vc_column][\/vc_row][vc_row el_id=&#8220;gemeindewappen&#8220;][vc_column][vc_single_image image=&#8220;90&#8243; img_size=&#8220;full&#8220; el_class=&#8220;imgdesktop&#8220;][vc_single_image image=&#8220;291&#8243; img_size=&#8220;full&#8220; el_class=&#8220;imgmobile&#8220;][vc_column_text]<\/p>\n<h1>DAS OGGAUER GEMEINDEWAPPEN<\/h1>\n<p>Das Gemeindewappen ist auch in der Marktgemeinde Oggau ein \u00e4u\u00dferes Zeichen von St\u00e4rke, Edelmut und Selbstbewusstsein. Es wird auf so gut wie allen offiziellen Schriftst\u00fccken und Repr\u00e4sentationsmaterialien verwendet.<br \/>\nIn Blau ein silberner, zweit\u00fcrmiger gezinnter Torbau mit ge\u00f6ffnetem Rundbogentor, aufgezogenem goldenen Fallgitter, Kegeld\u00e4chern und je einem ge\u00f6ffneten Rundbogenfenster an den T\u00fcrmen. Aus dem linken Obereck bricht eine goldene Sonne hervor.<br \/>\nDie Ortsfarben sind den Tinkturen des Wappens entsprechend blau-silber (wei\u00df).[\/vc_column_text][vc_column_text]<\/p>\n<p style=\"text-align: right\"><a href=\"https:\/\/oggau.at\/gemeinde\/gemeindeportrait\/\">zur \u00dcbersicht <img loading=\"lazy\" decoding=\"async\" class=\"wp-image-85\" src=\"https:\/\/oggau.at\/gemeinde\/wp-content\/uploads\/sites\/3\/2021\/10\/up.png\" alt=\"zur \u00dcbersicht\" width=\"30\" height=\"30\" \/><\/a><\/p>\n<p>[\/vc_column_text][\/vc_column][\/vc_row]<\/p>\n","protected":false},"excerpt":{"rendered":"<p>[vc_row el_id=&#8220;geschichte&#8220;][vc_column][vc_single_image image=&#8220;84&#8243; img_size=&#8220;full&#8220; el_class=&#8220;imgdesktop&#8220;][vc_single_image image=&#8220;293&#8243; img_size=&#8220;full&#8220; el_class=&#8220;imgmobile&#8220;][vc_column_text] GESCHICHTE OGGAU Oggau ist eine uralte Siedlung, deren Gr\u00e4berfunde \u2013 angefangen von der Jungsteinzeit \u00fcber die Bronze-, Hallstatt-, Kelten-, R\u00f6merzeit bis hin zur V\u00f6lkerwanderung \u2013 auf eine sehr fr\u00fche Anwesenheit von Menschen hinweisen. Die Besiedlung dauerte auch w\u00e4hrend des fr\u00fchen Mittelalters und der ersten deutschen Kolonialisierung an. [&hellip;]<\/p>\n","protected":false},"author":1,"featured_media":64,"parent":49,"menu_order":0,"comment_status":"closed","ping_status":"closed","template":"","meta":{"ocean_post_layout":"","ocean_both_sidebars_style":"","ocean_both_sidebars_content_width":0,"ocean_both_sidebars_sidebars_width":0,"ocean_sidebar":"0","ocean_second_sidebar":"0","ocean_disable_margins":"enable","ocean_add_body_class":"","ocean_shortcode_before_top_bar":"","ocean_shortcode_after_top_bar":"","ocean_shortcode_before_header":"","ocean_shortcode_after_header":"","ocean_has_shortcode":"","ocean_shortcode_after_title":"","ocean_shortcode_before_footer_widgets":"","ocean_shortcode_after_footer_widgets":"","ocean_shortcode_before_footer_bottom":"","ocean_shortcode_after_footer_bottom":"","ocean_display_top_bar":"default","ocean_display_header":"default","ocean_header_style":"","ocean_center_header_left_menu":"0","ocean_custom_header_template":"0","ocean_custom_logo":0,"ocean_custom_retina_logo":0,"ocean_custom_logo_max_width":0,"ocean_custom_logo_tablet_max_width":0,"ocean_custom_logo_mobile_max_width":0,"ocean_custom_logo_max_height":0,"ocean_custom_logo_tablet_max_height":0,"ocean_custom_logo_mobile_max_height":0,"ocean_header_custom_menu":"0","ocean_menu_typo_font_family":"0","ocean_menu_typo_font_subset":"","ocean_menu_typo_font_size":0,"ocean_menu_typo_font_size_tablet":0,"ocean_menu_typo_font_size_mobile":0,"ocean_menu_typo_font_size_unit":"px","ocean_menu_typo_font_weight":"","ocean_menu_typo_font_weight_tablet":"","ocean_menu_typo_font_weight_mobile":"","ocean_menu_typo_transform":"","ocean_menu_typo_transform_tablet":"","ocean_menu_typo_transform_mobile":"","ocean_menu_typo_line_height":0,"ocean_menu_typo_line_height_tablet":0,"ocean_menu_typo_line_height_mobile":0,"ocean_menu_typo_line_height_unit":"","ocean_menu_typo_spacing":0,"ocean_menu_typo_spacing_tablet":0,"ocean_menu_typo_spacing_mobile":0,"ocean_menu_typo_spacing_unit":"","ocean_menu_link_color":"","ocean_menu_link_color_hover":"","ocean_menu_link_color_active":"","ocean_menu_link_background":"","ocean_menu_link_hover_background":"","ocean_menu_link_active_background":"","ocean_menu_social_links_bg":"","ocean_menu_social_hover_links_bg":"","ocean_menu_social_links_color":"","ocean_menu_social_hover_links_color":"","ocean_disable_title":"default","ocean_disable_heading":"default","ocean_post_title":"","ocean_post_subheading":"","ocean_post_title_style":"","ocean_post_title_background_color":"","ocean_post_title_background":0,"ocean_post_title_bg_image_position":"","ocean_post_title_bg_image_attachment":"","ocean_post_title_bg_image_repeat":"","ocean_post_title_bg_image_size":"","ocean_post_title_height":0,"ocean_post_title_bg_overlay":0.5,"ocean_post_title_bg_overlay_color":"","ocean_disable_breadcrumbs":"default","ocean_breadcrumbs_color":"","ocean_breadcrumbs_separator_color":"","ocean_breadcrumbs_links_color":"","ocean_breadcrumbs_links_hover_color":"","ocean_display_footer_widgets":"default","ocean_display_footer_bottom":"default","ocean_custom_footer_template":"0","footnotes":"","_links_to":"","_links_to_target":""},"_links":{"self":[{"href":"https:\/\/www.oggau.at\/gemeinde\/wp-json\/wp\/v2\/pages\/83"}],"collection":[{"href":"https:\/\/www.oggau.at\/gemeinde\/wp-json\/wp\/v2\/pages"}],"about":[{"href":"https:\/\/www.oggau.at\/gemeinde\/wp-json\/wp\/v2\/types\/page"}],"author":[{"embeddable":true,"href":"https:\/\/www.oggau.at\/gemeinde\/wp-json\/wp\/v2\/users\/1"}],"replies":[{"embeddable":true,"href":"https:\/\/www.oggau.at\/gemeinde\/wp-json\/wp\/v2\/comments?post=83"}],"version-history":[{"count":10,"href":"https:\/\/www.oggau.at\/gemeinde\/wp-json\/wp\/v2\/pages\/83\/revisions"}],"predecessor-version":[{"id":1368,"href":"https:\/\/www.oggau.at\/gemeinde\/wp-json\/wp\/v2\/pages\/83\/revisions\/1368"}],"up":[{"embeddable":true,"href":"https:\/\/www.oggau.at\/gemeinde\/wp-json\/wp\/v2\/pages\/49"}],"wp:featuredmedia":[{"embeddable":true,"href":"https:\/\/www.oggau.at\/gemeinde\/wp-json\/wp\/v2\/media\/64"}],"wp:attachment":[{"href":"https:\/\/www.oggau.at\/gemeinde\/wp-json\/wp\/v2\/media?parent=83"}],"curies":[{"name":"wp","href":"https:\/\/api.w.org\/{rel}","templated":true}]}}