{"id":404,"date":"2021-12-13T12:00:05","date_gmt":"2021-12-13T11:00:05","guid":{"rendered":"https:\/\/oggau.insyde.at\/tourismus\/?page_id=404"},"modified":"2021-12-14T13:41:38","modified_gmt":"2021-12-14T12:41:38","slug":"impressum","status":"publish","type":"page","link":"https:\/\/www.oggau.at\/tourismus\/impressum\/","title":{"rendered":"Impressum"},"content":{"rendered":"<p>[vc_row][vc_column][vc_column_text]<\/p>\n<h1>IMPRESSUM<\/h1>\n<p>gem\u00e4\u00df \u00a7 24 Abs. 3 MedienG<\/p>\n<p><strong>Medieninhaber:<\/strong><\/p>\n<p>Marktgemeinde Oggau am Neusiedler See<\/p>\n<p><strong>Herausgeber:<\/strong><\/p>\n<p>Marktgemeinde Oggau am Neusiedler See<br \/>\nA-7063 Oggau am Neusiedler See, Hauptstra\u00dfe 52<\/p>\n<p>Tel.: 02685 \/ 7201<\/p>\n<p><strong>Hinweis:<\/strong> Dieses Impressum gilt f\u00fcr alle Online-Medien der Marktgemeinde Oggau am Neusiedler See<\/p>\n<p><strong>Offenlegung gem\u00e4\u00df \u00a7 25 Abs. 4 MedienG<\/strong><\/p>\n<p>Ziel der Plattform oggau.at ist eine regionale Informationsplattform im Internet der Marktgemeinde Oggau am Neusiedler See. Die Onlinepr\u00e4senz beinhaltet umfangreiche Informationen und Dienste aus allen Lebensbereichen der Gemeinde Oggau und weitere Services. Die Plattform oggau.at versteht sich als offizielles Online-Medium der Gemeinde Oggau.<\/p>\n<p>Das Impressum gilt auch f\u00fcr folgende Social Media Kan\u00e4le:<\/p>\n<ul>\n<li><a href=\"https:\/\/www.facebook.com\/Oggau-am-Neusiedler-See-1640255032921147\/\" target=\"_blank\" rel=\"noopener\">Facebook<\/a><\/li>\n<li><a href=\"https:\/\/www.youtube.com\/channel\/UCapZHqPsTNQlFKfWFJDc1ZA\" target=\"_blank\" rel=\"noopener\">Youtube<\/a><\/li>\n<li><a href=\"https:\/\/www.instagram.com\/oggau_neusiedler_see\/?hl=de\" target=\"_blank\" rel=\"noopener\">Instagram<\/a><\/li>\n<\/ul>\n<p><strong>Nutzungsbedingungen<\/strong><\/p>\n<p>Die Website oggau.at enth\u00e4lt externe Links auf fremde Websites, auf deren Inhalte die Marktgemeinde Oggau am Neusiedler See keinen Einfluss hat. Die Marktgemeinde Oggau am Neusiedler See lehnt eine Haftung f\u00fcr die Inhalte verlinkter Websites ab und wird unverz\u00fcglich t\u00e4tig, um einen elektronischen Verweis der den Zugang zu fremden Informationen er\u00f6ffnet, zu entfernen, sobald die Marktgemeinde Oggau am Neusiedler See von einer rechtswidrigen T\u00e4tigkeit oder Information tats\u00e4chliche Kenntnis erlangt beziehungsweise sobald in Bezug auf Schadenersatzanspr\u00fcche Tatsachen oder Umst\u00e4nde bewusst werden, aus denen eine rechtswidrige T\u00e4tigkeit oder Information offensichtlich werden.<\/p>\n<p>Es kann keinerlei Gew\u00e4hr f\u00fcr die Richtigkeit oder Vollst\u00e4ndigkeit der auf oggau.at enthaltenen Informationen geleistet werden. Die Richtigstellung von Irrt\u00fcmern beziehungsweise fehlerhaften Angaben, insbesondere auch von unrichtigen Preisangaben, bleibt ausdr\u00fccklich vorbehalten.<\/p>\n<p><strong>Bildnachweise<\/strong><\/p>\n<p>Marktgemeinde Oggau am Neusiedler See<br \/>\nMaria Hollunder<br \/>\nIlse Steiner<\/p>\n<p><strong>Technische Verantwortung<\/strong><\/p>\n<p>Die Marktgemeinde Oggau am Neusiedler See betreibt mit Unterst\u00fctzung eines Serviceproviders die Webpr\u00e4senz oggau.at<\/p>\n<p><strong>Konzept, Design und Umsetzung<\/strong><\/p>\n<p><a href=\"https:\/\/www.gsc-werbung.at\/\" target=\"_blank\" rel=\"noopener\">Werbeagentur Gerlinde Schmid Communications GmbH<\/a><\/p>\n<p><strong>Urheberrecht<\/strong><\/p>\n<p>Das Angebot splittet sich in einen redaktionellen Teil sowie einen Teil an Online-Services. Das Layout und die Gestaltung des Angebots sowie seiner einzelnen Elemente wie Logos, Fotos, Wappen usw. sind urheberrechtlich gesch\u00fctzt. Gleiches gilt f\u00fcr die redaktionellen Beitr\u00e4ge im Einzelnen sowie ihre Auswahl und Zusammenstellung. Ver\u00e4nderungen daran d\u00fcrfen nicht vorgenommen werden. Eine \u00f6ffentliche Verwendung des Angebots darf nur mit Zustimmung der verantwortlichen Seitenurheberinnen- und -urheber erfolgen. Davon ausgenommen sind die offiziellen, kostenlosen Informationen und Mitteilungen.[\/vc_column_text][\/vc_column][\/vc_row]<\/p>\n","protected":false},"excerpt":{"rendered":"<p>[vc_row][vc_column][vc_column_text] IMPRESSUM gem\u00e4\u00df \u00a7 24 Abs. 3 MedienG Medieninhaber: Marktgemeinde Oggau am Neusiedler See Herausgeber: Marktgemeinde Oggau am Neusiedler See A-7063 Oggau am Neusiedler See, Hauptstra\u00dfe 52 Tel.: 02685 \/ 7201 Hinweis: Dieses Impressum gilt f\u00fcr alle Online-Medien der Marktgemeinde Oggau am Neusiedler See Offenlegung gem\u00e4\u00df \u00a7 25 Abs. 4 MedienG Ziel der Plattform oggau.at [&hellip;]<\/p>\n","protected":false},"author":1,"featured_media":405,"parent":0,"menu_order":0,"comment_status":"closed","ping_status":"closed","template":"","meta":{"ocean_post_layout":"","ocean_both_sidebars_style":"","ocean_both_sidebars_content_width":0,"ocean_both_sidebars_sidebars_width":0,"ocean_sidebar":"0","ocean_second_sidebar":"0","ocean_disable_margins":"enable","ocean_add_body_class":"","ocean_shortcode_before_top_bar":"","ocean_shortcode_after_top_bar":"","ocean_shortcode_before_header":"","ocean_shortcode_after_header":"","ocean_has_shortcode":"","ocean_shortcode_after_title":"","ocean_shortcode_before_footer_widgets":"","ocean_shortcode_after_footer_widgets":"","ocean_shortcode_before_footer_bottom":"","ocean_shortcode_after_footer_bottom":"","ocean_display_top_bar":"default","ocean_display_header":"default","ocean_header_style":"","ocean_center_header_left_menu":"0","ocean_custom_header_template":"0","ocean_custom_logo":0,"ocean_custom_retina_logo":0,"ocean_custom_logo_max_width":0,"ocean_custom_logo_tablet_max_width":0,"ocean_custom_logo_mobile_max_width":0,"ocean_custom_logo_max_height":0,"ocean_custom_logo_tablet_max_height":0,"ocean_custom_logo_mobile_max_height":0,"ocean_header_custom_menu":"0","ocean_menu_typo_font_family":"0","ocean_menu_typo_font_subset":"","ocean_menu_typo_font_size":0,"ocean_menu_typo_font_size_tablet":0,"ocean_menu_typo_font_size_mobile":0,"ocean_menu_typo_font_size_unit":"px","ocean_menu_typo_font_weight":"","ocean_menu_typo_font_weight_tablet":"","ocean_menu_typo_font_weight_mobile":"","ocean_menu_typo_transform":"","ocean_menu_typo_transform_tablet":"","ocean_menu_typo_transform_mobile":"","ocean_menu_typo_line_height":0,"ocean_menu_typo_line_height_tablet":0,"ocean_menu_typo_line_height_mobile":0,"ocean_menu_typo_line_height_unit":"","ocean_menu_typo_spacing":0,"ocean_menu_typo_spacing_tablet":0,"ocean_menu_typo_spacing_mobile":0,"ocean_menu_typo_spacing_unit":"","ocean_menu_link_color":"","ocean_menu_link_color_hover":"","ocean_menu_link_color_active":"","ocean_menu_link_background":"","ocean_menu_link_hover_background":"","ocean_menu_link_active_background":"","ocean_menu_social_links_bg":"","ocean_menu_social_hover_links_bg":"","ocean_menu_social_links_color":"","ocean_menu_social_hover_links_color":"","ocean_disable_title":"default","ocean_disable_heading":"default","ocean_post_title":"","ocean_post_subheading":"","ocean_post_title_style":"","ocean_post_title_background_color":"","ocean_post_title_background":0,"ocean_post_title_bg_image_position":"","ocean_post_title_bg_image_attachment":"","ocean_post_title_bg_image_repeat":"","ocean_post_title_bg_image_size":"","ocean_post_title_height":0,"ocean_post_title_bg_overlay":0.5,"ocean_post_title_bg_overlay_color":"","ocean_disable_breadcrumbs":"default","ocean_breadcrumbs_color":"","ocean_breadcrumbs_separator_color":"","ocean_breadcrumbs_links_color":"","ocean_breadcrumbs_links_hover_color":"","ocean_display_footer_widgets":"default","ocean_display_footer_bottom":"default","ocean_custom_footer_template":"0","footnotes":"","_links_to":"","_links_to_target":""},"_links":{"self":[{"href":"https:\/\/www.oggau.at\/tourismus\/wp-json\/wp\/v2\/pages\/404"}],"collection":[{"href":"https:\/\/www.oggau.at\/tourismus\/wp-json\/wp\/v2\/pages"}],"about":[{"href":"https:\/\/www.oggau.at\/tourismus\/wp-json\/wp\/v2\/types\/page"}],"author":[{"embeddable":true,"href":"https:\/\/www.oggau.at\/tourismus\/wp-json\/wp\/v2\/users\/1"}],"replies":[{"embeddable":true,"href":"https:\/\/www.oggau.at\/tourismus\/wp-json\/wp\/v2\/comments?post=404"}],"version-history":[{"count":2,"href":"https:\/\/www.oggau.at\/tourismus\/wp-json\/wp\/v2\/pages\/404\/revisions"}],"predecessor-version":[{"id":415,"href":"https:\/\/www.oggau.at\/tourismus\/wp-json\/wp\/v2\/pages\/404\/revisions\/415"}],"wp:featuredmedia":[{"embeddable":true,"href":"https:\/\/www.oggau.at\/tourismus\/wp-json\/wp\/v2\/media\/405"}],"wp:attachment":[{"href":"https:\/\/www.oggau.at\/tourismus\/wp-json\/wp\/v2\/media?parent=404"}],"curies":[{"name":"wp","href":"https:\/\/api.w.org\/{rel}","templated":true}]}}