{"id":86,"date":"2021-10-12T15:46:46","date_gmt":"2021-10-12T13:46:46","guid":{"rendered":"https:\/\/oggau.insyde.at\/tourismus\/?page_id=86"},"modified":"2026-01-15T10:40:06","modified_gmt":"2026-01-15T09:40:06","slug":"freizeit-detail","status":"publish","type":"page","link":"https:\/\/www.oggau.at\/tourismus\/freizeit\/freizeit-detail\/","title":{"rendered":"Freizeit"},"content":{"rendered":"<p>[vc_row el_id=&#8220;schwimmbad&#8220;][vc_column][vc_single_image image=&#8220;87&#8243; img_size=&#8220;full&#8220; el_class=&#8220;imgdesktop&#8220;][vc_single_image image=&#8220;243&#8243; img_size=&#8220;full&#8220; el_class=&#8220;imgmobile&#8220;][vc_column_text]<\/p>\n<h1>SCHWIMMBAD<\/h1>\n<p>Nat\u00fcrlich und ungezwungen liegt das\u00a0<strong>Freischwimmbad<\/strong> inmitten der herrlichen Pusztalandschaft am Rand des romantischen Steppensees.<\/p>\n<ul>\n<li>Schwimmern steht ein 25 Meter langes Becken mit sechs Startbahnen\u00a0zur Verf\u00fcgung,<br \/>\nWagemutigen eine Wasserrutsche und Kindern ein Becken mit verschiedenen Wasserattraktionen<\/li>\n<li>Auf jene, die hoch hinaus wollen, wartet ein Sprungturm<\/li>\n<li>Alle Wasserbecken sind solarbeheizt<\/li>\n<li>F\u00fcr das leibliche Wohl wird im Buffet gesorgt<\/li>\n<li>Schattige Liegewiese und gro\u00dfz\u00fcgiger Spielplatz<\/li>\n<li>Sportbegeisterte k\u00f6nnen sich am Beach-Volleyballplatz vergn\u00fcgen<\/li>\n<\/ul>\n<p><strong>Hinweis: <\/strong>freier Eintritt mit der Burgenland Card!<\/p>\n<p>\u00d6ffnungszeiten:<\/p>\n<p>Mitte Mai bis Anfang September<\/p>\n<ul>\n<li>Mai und September: Mo bis So 10-18 Uhr<\/li>\n<li>Juni, Juli und August: Mo 10-19 Uhr, Di bis So 9-19 Uhr<\/li>\n<\/ul>\n<p>[\/vc_column_text][vc_column_text]<\/p>\n<p style=\"text-align: right\"><a href=\"https:\/\/oggau.at\/tourismus\/freizeit\/\">zur \u00dcbersicht <img loading=\"lazy\" decoding=\"async\" class=\"wp-image-85\" src=\"https:\/\/oggau.at\/gemeinde\/wp-content\/uploads\/sites\/3\/2021\/10\/up.png\" alt=\"zur \u00dcbersicht\" width=\"30\" height=\"30\" \/><\/a><\/p>\n<p>[\/vc_column_text][\/vc_column][\/vc_row][vc_row el_id=&#8220;radfahren&#8220;][vc_column][vc_single_image image=&#8220;88&#8243; img_size=&#8220;full&#8220; el_class=&#8220;imgdesktop&#8220;][vc_single_image image=&#8220;228&#8243; img_size=&#8220;full&#8220; el_class=&#8220;imgmobile&#8220;][vc_column_text]<\/p>\n<h1>RADFAHREN<\/h1>\n<p><strong>NEUSIEDLER SEE-RADWEG \u201eB10\u201c UND ANDERE DRAHTESEL-HIGHLIGHTS<\/strong><\/p>\n<p>135 km, davon 38 km auf ungarischer Seite, minimale Steigungen zwischen M\u00f6rbisch und Oggau und somit f\u00fcr Familienausfl\u00fcge besonders geeignet. Der mit B10 bestens beschilderte Neusiedler See-Radweg ist sicher der bekannteste Radweg in \u00d6sterreich, ein Klassiker unter den Radwegen \u2013 und er f\u00fchrt direkt durch Oggau.<\/p>\n<p>Die Variante \u201eSteile Trasse\u201c f\u00fchrt an der Oggauer Weinlaubenkuppel vorbei und bietet einen herrlichen Panoramablick. Die Variante \u201eFlache Trasse\u201c weist einen nur geringen H\u00f6henunterschied aus.<\/p>\n<p>Wer dem \u201eTrubel\u201c am B10-Radweg entfliehen m\u00f6chte, findet auf sch\u00f6n ausgebauten Feld- und Radwegen rund um Oggau zahlreiche weitere M\u00f6glichkeiten, dem gesunden Freizeitsport zu fr\u00f6nen.[\/vc_column_text][vc_column_text]<\/p>\n<p style=\"text-align: right\"><a href=\"https:\/\/oggau.at\/tourismus\/freizeit\/\">zur \u00dcbersicht <img loading=\"lazy\" decoding=\"async\" class=\"wp-image-85\" src=\"https:\/\/oggau.at\/gemeinde\/wp-content\/uploads\/sites\/3\/2021\/10\/up.png\" alt=\"zur \u00dcbersicht\" width=\"30\" height=\"30\" \/><\/a><\/p>\n<p>[\/vc_column_text][\/vc_column][\/vc_row][vc_row el_id=&#8220;wandern&#8220;][vc_column][vc_single_image image=&#8220;89&#8243; img_size=&#8220;full&#8220; el_class=&#8220;imgdesktop&#8220;][vc_single_image image=&#8220;229&#8243; img_size=&#8220;full&#8220; el_class=&#8220;imgmobile&#8220;][vc_column_text]<\/p>\n<h1>WANDERN &amp; NORDIC WALKING<\/h1>\n<p><strong>WANDER- UND THEMENWEGE BIETEN VIELFALT UND ABWECHSLUNG<\/strong><\/p>\n<p>Ein vielf\u00e4ltiges Wegeangebot wurde mit dem Rundwanderweg im Natur- und Kulturraum Oslip-Sch\u00fctzen-Oggau (ca. 13,4 km) geschaffen und l\u00e4dt zum Erwandern des Natur-und Kulturraums der drei Gemeinden ein.<\/p>\n<p>Mit dem Weinwanderweg (4 km) und dem Naturwanderweg (12 km) pr\u00e4sentiert Oggau gute Wanderm\u00f6glichkeiten in den Weinbergen des Ruster H\u00fcgellandes und in der bezaubernden Landschaft am Neusiedler See. Die vielf\u00e4ltige Fauna und Flora bietet hier dem Wein- und Naturinteressierten eine F\u00fclle von Besonderheiten. Der Kulturwanderweg (6 km) ist von einer gro\u00dfen Anzahl an Kapellen, Bildst\u00f6cken und Wegkreuzen gepr\u00e4gt. Einige Bildst\u00f6cke, die aus der Barockzeit stammen, weisen einen hohen k\u00fcnstlerischen Wert auf und repr\u00e4sentieren altes pannonisches Kulturgut.[\/vc_column_text][vc_column_text]<\/p>\n<p style=\"text-align: right\"><a href=\"https:\/\/oggau.at\/tourismus\/freizeit\/\">zur \u00dcbersicht <img loading=\"lazy\" decoding=\"async\" class=\"wp-image-85\" src=\"https:\/\/oggau.at\/gemeinde\/wp-content\/uploads\/sites\/3\/2021\/10\/up.png\" alt=\"zur \u00dcbersicht\" width=\"30\" height=\"30\" \/><\/a><\/p>\n<p>[\/vc_column_text][\/vc_column][\/vc_row][vc_row el_id=&#8220;fitness&#8220;][vc_column][vc_single_image image=&#8220;90&#8243; img_size=&#8220;full&#8220; el_class=&#8220;imgdesktop&#8220;][vc_single_image image=&#8220;230&#8243; img_size=&#8220;full&#8220; el_class=&#8220;imgmobile&#8220;][vc_column_text]<\/p>\n<h1>FITNESSPARCOURS<\/h1>\n<p>Trainieren unter freiem Himmel \u2013 egal ob f\u00fcr das gesundheitliche Wohlbefinden oder f\u00fcr die k\u00f6rperliche Fitness. In Oggau trainieren Sie bei sechs aufeinander abgestimmten Stationen gezielt Kraft, Koordination und Geschicklichkeit.<br \/>\nUnseren frei zug\u00e4nglichen Fitnessparcours finden Sie auf der Wiese gegen\u00fcber des Schwimmbads, Richtung Bootshafen. Er ist f\u00fcr jedes Alter geeignet \u2013 vom Kind bis hin zum Senioren. Die jeweiligen Ger\u00e4te sind mit einer bildhaften Beschreibung ausgestattet, sodass Sie gleich loslegen k\u00f6nnen \u2013 denn Bewegung an der frischen Luft tut K\u00f6rper und Seele gut![\/vc_column_text][vc_column_text]<\/p>\n<p style=\"text-align: right\"><a href=\"https:\/\/oggau.at\/tourismus\/freizeit\/\">zur \u00dcbersicht <img loading=\"lazy\" decoding=\"async\" class=\"wp-image-85\" src=\"https:\/\/oggau.at\/gemeinde\/wp-content\/uploads\/sites\/3\/2021\/10\/up.png\" alt=\"zur \u00dcbersicht\" width=\"30\" height=\"30\" \/><\/a><\/p>\n<p>[\/vc_column_text][\/vc_column][\/vc_row][vc_row el_id=&#8220;straussenfarm&#8220;][vc_column][vc_single_image image=&#8220;91&#8243; img_size=&#8220;full&#8220; el_class=&#8220;imgdesktop&#8220;][vc_single_image image=&#8220;231&#8243; img_size=&#8220;full&#8220; el_class=&#8220;imgmobile&#8220;][vc_column_text]<\/p>\n<h1>STRAUSSENFARM WIMMER<\/h1>\n<p>Die Familie Wimmer betreibt neben einem Weingut eine Straussenfarm in Oggau am Neusiedler See. Diese wurde als erste im Burgenland im Jahr 1994 von Rudolf Wimmer gegr\u00fcndet. Das Br\u00fcderpaar Thomas und Florian Wimmer waren von klein auf schon immer begeistert von den exotischen V\u00f6geln und f\u00fchren seit 2014 die Farm als Familienbetrieb weiter.<br \/>\nAls einzige Bio Straussenfarm in \u00d6sterreich wird auf artgerechte Freilandhaltung und nat\u00fcrliche Futtermittel aus dem eigenen Ackerbau viel Wert gelegt. Ein Erlebnis f\u00fcr die ganze Familie und ein Ausflug, der sicher in Erinnerung bleibt.[\/vc_column_text][vc_column_text]<\/p>\n<p style=\"text-align: right\"><a href=\"https:\/\/oggau.at\/tourismus\/freizeit\/\">zur \u00dcbersicht <img loading=\"lazy\" decoding=\"async\" class=\"wp-image-85\" src=\"https:\/\/oggau.at\/gemeinde\/wp-content\/uploads\/sites\/3\/2021\/10\/up.png\" alt=\"zur \u00dcbersicht\" width=\"30\" height=\"30\" \/><\/a><\/p>\n<p>[\/vc_column_text][\/vc_column][\/vc_row]<\/p>\n","protected":false},"excerpt":{"rendered":"<p>[vc_row el_id=&#8220;schwimmbad&#8220;][vc_column][vc_single_image image=&#8220;87&#8243; img_size=&#8220;full&#8220; el_class=&#8220;imgdesktop&#8220;][vc_single_image image=&#8220;243&#8243; img_size=&#8220;full&#8220; el_class=&#8220;imgmobile&#8220;][vc_column_text] SCHWIMMBAD Nat\u00fcrlich und ungezwungen liegt das\u00a0Freischwimmbad inmitten der herrlichen Pusztalandschaft am Rand des romantischen Steppensees. Schwimmern steht ein 25 Meter langes Becken mit sechs Startbahnen\u00a0zur Verf\u00fcgung, Wagemutigen eine Wasserrutsche und Kindern ein Becken mit verschiedenen Wasserattraktionen Auf jene, die hoch hinaus wollen, wartet ein Sprungturm Alle Wasserbecken [&hellip;]<\/p>\n","protected":false},"author":1,"featured_media":92,"parent":78,"menu_order":0,"comment_status":"closed","ping_status":"closed","template":"","meta":{"ocean_post_layout":"","ocean_both_sidebars_style":"","ocean_both_sidebars_content_width":0,"ocean_both_sidebars_sidebars_width":0,"ocean_sidebar":"0","ocean_second_sidebar":"0","ocean_disable_margins":"enable","ocean_add_body_class":"","ocean_shortcode_before_top_bar":"","ocean_shortcode_after_top_bar":"","ocean_shortcode_before_header":"","ocean_shortcode_after_header":"","ocean_has_shortcode":"","ocean_shortcode_after_title":"","ocean_shortcode_before_footer_widgets":"","ocean_shortcode_after_footer_widgets":"","ocean_shortcode_before_footer_bottom":"","ocean_shortcode_after_footer_bottom":"","ocean_display_top_bar":"default","ocean_display_header":"default","ocean_header_style":"","ocean_center_header_left_menu":"0","ocean_custom_header_template":"0","ocean_custom_logo":0,"ocean_custom_retina_logo":0,"ocean_custom_logo_max_width":0,"ocean_custom_logo_tablet_max_width":0,"ocean_custom_logo_mobile_max_width":0,"ocean_custom_logo_max_height":0,"ocean_custom_logo_tablet_max_height":0,"ocean_custom_logo_mobile_max_height":0,"ocean_header_custom_menu":"0","ocean_menu_typo_font_family":"0","ocean_menu_typo_font_subset":"","ocean_menu_typo_font_size":0,"ocean_menu_typo_font_size_tablet":0,"ocean_menu_typo_font_size_mobile":0,"ocean_menu_typo_font_size_unit":"px","ocean_menu_typo_font_weight":"","ocean_menu_typo_font_weight_tablet":"","ocean_menu_typo_font_weight_mobile":"","ocean_menu_typo_transform":"","ocean_menu_typo_transform_tablet":"","ocean_menu_typo_transform_mobile":"","ocean_menu_typo_line_height":0,"ocean_menu_typo_line_height_tablet":0,"ocean_menu_typo_line_height_mobile":0,"ocean_menu_typo_line_height_unit":"","ocean_menu_typo_spacing":0,"ocean_menu_typo_spacing_tablet":0,"ocean_menu_typo_spacing_mobile":0,"ocean_menu_typo_spacing_unit":"","ocean_menu_link_color":"","ocean_menu_link_color_hover":"","ocean_menu_link_color_active":"","ocean_menu_link_background":"","ocean_menu_link_hover_background":"","ocean_menu_link_active_background":"","ocean_menu_social_links_bg":"","ocean_menu_social_hover_links_bg":"","ocean_menu_social_links_color":"","ocean_menu_social_hover_links_color":"","ocean_disable_title":"default","ocean_disable_heading":"default","ocean_post_title":"","ocean_post_subheading":"","ocean_post_title_style":"","ocean_post_title_background_color":"","ocean_post_title_background":0,"ocean_post_title_bg_image_position":"","ocean_post_title_bg_image_attachment":"","ocean_post_title_bg_image_repeat":"","ocean_post_title_bg_image_size":"","ocean_post_title_height":0,"ocean_post_title_bg_overlay":0.5,"ocean_post_title_bg_overlay_color":"","ocean_disable_breadcrumbs":"default","ocean_breadcrumbs_color":"","ocean_breadcrumbs_separator_color":"","ocean_breadcrumbs_links_color":"","ocean_breadcrumbs_links_hover_color":"","ocean_display_footer_widgets":"default","ocean_display_footer_bottom":"default","ocean_custom_footer_template":"0","footnotes":"","_links_to":"","_links_to_target":""},"_links":{"self":[{"href":"https:\/\/www.oggau.at\/tourismus\/wp-json\/wp\/v2\/pages\/86"}],"collection":[{"href":"https:\/\/www.oggau.at\/tourismus\/wp-json\/wp\/v2\/pages"}],"about":[{"href":"https:\/\/www.oggau.at\/tourismus\/wp-json\/wp\/v2\/types\/page"}],"author":[{"embeddable":true,"href":"https:\/\/www.oggau.at\/tourismus\/wp-json\/wp\/v2\/users\/1"}],"replies":[{"embeddable":true,"href":"https:\/\/www.oggau.at\/tourismus\/wp-json\/wp\/v2\/comments?post=86"}],"version-history":[{"count":11,"href":"https:\/\/www.oggau.at\/tourismus\/wp-json\/wp\/v2\/pages\/86\/revisions"}],"predecessor-version":[{"id":553,"href":"https:\/\/www.oggau.at\/tourismus\/wp-json\/wp\/v2\/pages\/86\/revisions\/553"}],"up":[{"embeddable":true,"href":"https:\/\/www.oggau.at\/tourismus\/wp-json\/wp\/v2\/pages\/78"}],"wp:featuredmedia":[{"embeddable":true,"href":"https:\/\/www.oggau.at\/tourismus\/wp-json\/wp\/v2\/media\/92"}],"wp:attachment":[{"href":"https:\/\/www.oggau.at\/tourismus\/wp-json\/wp\/v2\/media?parent=86"}],"curies":[{"name":"wp","href":"https:\/\/api.w.org\/{rel}","templated":true}]}}